-12) + -6). Suppose 0*d - d + 100 = 2*j, s*d - j = z. What is the tens digit of d?
9
Let n(g) = 2*g + 8. Let b be n(5). Suppose -b = -5*h + 2. Suppose h*m = 4*j - 320, -m = -3*j - 76 + 322. What is the tens digit of j?
8
Suppose 96357 = 26*i - 140113. What is the thousands digit of i?
9
Suppose 220730 + 213018 = 80*h - 471612. What is the hundreds digit of h?
3
Let h be 335/65 + (-16)/104. Let j(w) = 298*w - 3. What is the tens digit of j(h)?
8
Suppose -33*n = -31*n + 4*t - 6300, 0 = 2*n - 4*t - 6308. What is the tens digit of n?
5
Let g be (-36)/54*7*3*7. Let a = g - -98. Suppose 2*f - 4*o = -30 + 180, a = -5*f - 5*o + 360. What is the tens digit of f?
7
What is the hundreds digit of 2/12 - 2597/(-294) - -72781?
7
Suppose 5*h + 4*i - 67 = 0, -33 = -4*h + 4*i + 35. What is the units digit of -5*(-9)/h + 58?
1
Let j(l) be the third derivative of -l**4/24 + 4*l**3/3 - 21*l**2. What is the units digit of j(-14)?
2
Suppose 5*j - 3*s - 3 = 0, -4*s - 2 - 2 = 2*j. What is the units digit of j + 5 - (51 - 553)?
7
Let j = -79 + 92. Suppose j*h - 748 = 9*h. What is the units digit of h?
7
Let m be 43 - 41 - (0 - -1). What is the units digit of m*139*6/6?
9
Suppose 0 = 9*t - 7*t - 18. Let y be (-9 - -6)*1/3. What is the hundreds digit of 2046/t + y/3?
2
Suppose -3*c + 21219 = -6*a, -4*c + 35*a + 28316 = 31*a. What is the hundreds digit of c?
0
Let q(d) = -106*d**3 + 2*d**2 + 3*d + 1. Suppose 193*r - 190*r + 3 = 0. What is the hundreds digit of q(r)?
1
Let t(z) = z**2 - 48*z + 43. Let s be t(47). Let k(b) = -363*b - 14. What is the units digit of k(s)?
8
Let c = 17512 - 10731. What is the tens digit of c?
8
Suppose -214*y + 5535892 - 1127492 = 0. What is the hundreds digit of y?
6
Suppose 34346 = 4*o + 2*a, -332*a - 42937 = -5*o - 330*a. What is the thousands digit of o?
8
Let f(d) = -15*d + 2883. What is the thousands digit of f(7)?
2
Let f = 1107 - 574. Let b = 226 + f. What is the hundreds digit of b?
7
Let h(q) = -q**3 + 40*q**2 + 9*q - 64. Let x be h(40). Suppose -3*j - x - 1091 = -2*u, -4*j = -5*u + 3457. What is the tens digit of u?
8
Suppose -40*w + 163864 + 275308 = -100188. What is the tens digit of w?
8
Let p be (4/6)/(((-140)/(-270))/7). Let m(i) = i**2 + 21*i + 4. What is the hundreds digit of m(p)?
2
Let a be (-8 - (-14 + 5))*0. Suppose a = -28*n + 24*n + 3472. What is the units digit of n?
8
Let k be (-2 - 30)*(-9)/18. Let c be (-4)/(-16) + 108/k. Suppose -3*r + 62 + c = 0. What is the units digit of r?
3
What is the tens digit of (23/((-1127)/560))/((-1)/3269)?
6
Suppose 530526 = 30*n - 17*n + 16*n. What is the units digit of n?
4
Suppose -5*i + 2786 = -3*i + 5*d, 5*d = 4*i - 5632. Let k = i - 862. What is the hundreds digit of k?
5
Suppose -5*y + 402 = -2018. Let f = 959 - y. What is the units digit of f?
5
Let p = -1276 - -849. Let n = -233 - p. What is the tens digit of n?
9
Suppose 116238 = -72*y + 604758. What is the units digit of y?
5
Let y be (-272)/(-5 + 1)*5. Suppose -h = -4*m - 96, 4*h - 3*m = 2*m + y. Let p = h + -40. What is the units digit of p?
0
Let k(u) = 6*u**2 - 74*u + 126. What is the hundreds digit of k(53)?
0
Let g(q) = 3*q**3 + 21*q**2 - 10*q + 16. Let s(h) = -13*h**3 - 82*h**2 + 39*h - 65. Let l(j) = 9*g(j) + 2*s(j). What is the hundreds digit of l(-8)?
1
Let z(o) = -1024*o**2 + 1724*o**2 + 9*o - 1 - 5. What is the units digit of z(1)?
3
Let y = -9465 + 22828. What is the ten thousands digit of y?
1
Suppose -8 = -5*h - 8. Suppose 2*a + 5*m - 236 = h, -a + 2*a + 5*m = 118. What is the tens digit of a?
1
Suppose 3*g + 798 = -90. Let l = -91 - g. What is the hundreds digit of l?
2
Suppose 3*g - 48263 = -2*t, 5*t - 9544 = 2*g - 41732. What is the tens digit of g?
8
Suppose 0 = -1693*o + 1685*o. Suppose o = 1332*r - 1331*r - 878. What is the units digit of r?
8
Suppose 9*z - 11*z = -60. Suppose z*b - 26*b - 236 = 0. Let o = 111 + b. What is the hundreds digit of o?
1
Let q = -328 + 872. What is the tens digit of q?
4
Let o = -3098 + 50094. What is the hundreds digit of o?
9
Let h = 21861 - 43317. What is the hundreds digit of (-10)/55 + -4 + h/(-33)?
6
Let o = 1009 + -708. Let f = o - -200. Suppose 18*q - 21*q = -f. What is the hundreds digit of q?
1
Suppose -5*n = -3*r - 5, 4*r - 5 = 3*r. Let s(k) be the second derivative of k**5/20 - 5*k**4/12 + 7*k**3/6 - 2*k**2 + k. What is the units digit of s(n)?
8
Suppose 48299 + 62149 = 26*u. What is the tens digit of u?
4
Let u(f) = 4*f - 21. Let d be u(8). Let v = d + -8. Suppose -m + 325 = -x + 5*x, 0 = -v*x + m + 242. What is the tens digit of x?
8
Let y be 143/5 + (-2)/(-5). Let d = y + -26. Suppose -o + 276 = d*g, 375 = 4*g + 2*o - 3*o. What is the tens digit of g?
9
Suppose 3*m + 2271 = 4*w, -4*m = 4*w - m - 2241. What is the hundreds digit of (-12)/9*(-6 + w)/(-2)?
3
Let g be 462/84 + 2/(-4). Suppose 0 = -3*f + 2*l + 2*l + 2806, 0 = 2*f + g*l - 1863. What is the hundreds digit of f?
9
Suppose -9 = -23*c - 262. What is the units digit of (-7 - c)/((-1)/(-50))?
0
Let o(y) = -131*y**2 + 2*y - 3. Let n(k) = -655*k**2 + 11*k - 17. Let q(x) = 4*n(x) - 22*o(x). What is the units digit of q(-1)?
0
Let i(u) = -1232*u - 1809. What is the tens digit of i(-9)?
7
Suppose 324*f - 468022 = 83*f. What is the tens digit of f?
4
Let b(q) = -27*q - 135. Let a be b(0). What is the units digit of (-4618)/(-6) + a/81?
8
Let s = 85 + -72. Suppose -s*k + 4544 = -9*k. What is the hundreds digit of k?
1
Let c be ((-23136)/120)/((-4)/30). Suppose -c - 7395 = -7*x. What is the units digit of x?
3
Let c = 490 + -358. Let p be (-1*2)/(-1) + 232. Suppose -3*f + p = -c. What is the tens digit of f?
2
Let b(l) = -92 - 12*l - 5*l + 84 + 6*l**2 - l**2. What is the hundreds digit of b(-7)?
3
Let a = -2924 - -8256. What is the units digit of a?
2
What is the tens digit of 4131904/768 + ((-5)/35)/(24/14)?
8
Let y(i) be the third derivative of -8*i**6/15 - i**5/20 - 7*i**4/24 + 2*i**3/3 - 9*i**2. What is the hundreds digit of y(-2)?
5
Let x = 61 + -60. What is the hundreds digit of -39 - -34 - (x - 577)?
5
Suppose -o + 4*o + 2*m = 9, 0 = -5*o + 4*m + 15. Suppose -5*j = -q + 5, -o*q = 2*q + 3*j - 165. What is the units digit of (654/q)/((-2)/(-10))?
9
Let d(p) = -432*p - 2. Let o be d(3). Let y = o - -1962. Suppose -y = -5*m + 131. What is the units digit of m?
9
Let c(s) = s**3 + 14*s**2 + 13*s + 28. Suppose 4*o + 6 = -38. What is the hundreds digit of c(o)?
2
Let f = -2231 - -8745. What is the units digit of f?
4
Suppose f - 3*c = -6*c + 4, -3*f - c = -36. Let x be ((-7)/(0 - 7))/((-1)/(-3)). What is the tens digit of f - (-3 + x)/2?
1
Suppose 0 = -13*y + 6*y - 2954. Let p = y - -838. What is the hundreds digit of p?
4
Suppose 0*l - 8251 = -2*l + 3801. What is the tens digit of l?
2
Let q be (-8)/28 + (-1507)/(-7). Let g be (1 - 45/27)/((-2)/321). Suppose -2*r + 3*p = -g, -5*p + 2*p + q = 5*r. What is the units digit of r?
6
Let a = 25487 - -53029. What is the units digit of a?
6
Let o be (4 + (-99)/27)/(2/174). Suppose 0 = o*v - 9*v - 28920. What is the units digit of v?
6
Suppose 0 = 38*l - 3*l - 14315. Let h = 429 - l. What is the units digit of h?
0
Suppose -88*m + 458142 = -216831 + 102005. What is the units digit of m?
1
Let b = -135 + 150. Suppose 8378 + 997 = b*x. What is the hundreds digit of x?
6
Let i(d) = -14*d + 1. Let h be i(-1). Suppose 40*n - 7*n = -1485. What is the units digit of ((-2244)/n - 1) + 2/h?
9
Suppose -3*j + 201 + 66 = 0. Suppose i - 213 = j. What is the hundreds digit of i?
3
Suppose -6*p - 42 = p. Let j be (-4)/1*(p/(-8) + -2). Suppose 9 - j = 4*o. What is the units digit of o?
1
Let a(t) = -t**3 - 8*t**2 + 21*t + 12. Let x be a(-12). Suppose x + 413 = 7*d. What is the units digit of d?
7
Let o = 3736 + -1678. Suppose -c - 2*c = -o. Suppose j + 6*j - c = 0. What is the tens digit of j?
9
What is the hundreds digit of (-1940)/(-97) + -1 + 23373?
3
What is the tens digit of (2 - (0 - -4)) + 5/(5/14367)?
6
Let u be 81308 + 1 + -5 + -2. What is the units digit of 3/(-1)*u/(-177)?
8
Let y = 60 + -61. Let n be 0 - (y + -2 - 3). Suppose 8*m - 52 = n*m + 5*b, -5*b - 26 = -m. What is the units digit of m?
6
Let l = 504 + 80. Let y = l - 163. What is the tens digit of y?
2
Suppose 0 = -14*l + 5*p + 239718 + 52581, 3*l - 4*p - 62656 = 0. What is the tens digit of l?
7
Let h(w) = 6*w -